 of ((-30)/(-4))/(2/c).
3, 5
Let m = 215 + -123. List the prime factors of m.
2, 23
Suppose h + n + 2 = 0, n = 4*h + 6*n + 7. Suppose 2*o + 4*m = 30, m + 53 = 5*o - 0*m. Let b = o + h. List the prime factors of b.
2
Suppose 5*y = 2*w - 59, -w - 2*y = -3*w + 50. What are the prime factors of w?
2, 11
Let g(u) = 2*u**3 - 4*u**2 - 2*u + 2. Let p be g(3). Suppose -31 = -3*c + p. Let l = -6 + c. What are the prime factors of l?
3
Suppose -130 = -3*v + a, 0 = 3*v - a - a - 128. List the prime factors of v.
2, 11
Let r(a) = a**3 + 5*a**2 + 2*a + 3. Let j be r(-2). Let g = -4 + j. List the prime factors of g.
7
Let u(i) = -6*i**3 + i**2 - 1. Let w be u(-1). Suppose 0*p - w = -p. List the prime factors of 10 + -3 + p + -2.
11
Suppose -3*s + 4*s + 16 = 4*k, 0 = 4*s + k - 21. Suppose 1 = -x + 3*w, -3*x + 3 = 5*w + 6. Let t = s - x. List the prime factors of t.
5
Suppose 3*o - 21 = -135. Let f = o - -56. Suppose -f = u + 5*g, 2*u + 13 = -5*g - 3. What are the prime factors of u?
2
Let d(g) = 7*g**3 + 6 + 4 + g - 10. List the prime factors of d(1).
2
Let y(t) = 2*t**2 - 2*t + 1. List the prime factors of y(-2).
13
Let t(b) = b + 4. Let l be t(-2). Suppose -3*j + l*g - g = -56, 3*g = 4*j - 78. What are the prime factors of j?
2, 3
Let a be (2/(-4))/((-8)/32). Suppose 0*u + 4 = 2*h - 5*u, a*u = 4*h - 24. List the prime factors of h.
7
Suppose -7*y = y - 1208. List the prime factors of y.
151
Let p(y) = y**2 - 4*y - 35. List the prime factors of p(11).
2, 3, 7
Suppose -2*c - 2 = 2*l, 4 - 2 = -4*c - 2*l. Suppose c = -3*x + 5 + 7. List the prime factors of x.
2
Suppose -3*r + 10 = -7*r - 3*d, 0 = 2*r + 3*d + 8. Let m(p) = -3*p**3 - 2*p - 1. What are the prime factors of m(r)?
2
Suppose 0 = -5*r + 20 - 10. Suppose 0 = r*z - 55 - 21. What are the prime factors of z?
2, 19
Let m be 11 + 0/2 - -3. Let w = m - 8. List the prime factors of w.
2, 3
Let z = -31 + 33. What are the prime factors of z?
2
Let j = 61 - 27. What are the prime factors of j?
2, 17
What are the prime factors of (-5203)/(-15) + 8/60?
347
Suppose -r - 196 = r. List the prime factors of (-24)/(-32) + r/(-8).
13
Let d = -21 - -45. Suppose 4*r = -5*t - 6, 4*t - 8*r - d = -4*r. What are the prime factors of t?
2
Suppose -3*q - 2*q + 95 = 0. What are the prime factors of q?
19
Suppose g + 2*g = 507. What are the prime factors of g?
13
Let b(z) = z**2 + 13*z + 2. List the prime factors of b(-16).
2, 5
Suppose 269 = 3*k - 280. What are the prime factors of k?
3, 61
Let p(m) = m**2 + 5*m. Let r(n) = -n**2 + n + 1. Let b(w) = p(w) - r(w). Let i be b(-3). Suppose -k + 0 = -i. What are the prime factors of k?
5
Let s be (-2)/((-9)/(-12) - 1). Let c(i) = 2*i**2 - 10*i. List the prime factors of c(s).
2, 3
Suppose -2*m = -5*j + 157 + 144, j + m - 63 = 0. List the prime factors of j.
61
Suppose 0 = 4*a + 8. What are the prime factors of a - 3/((-6)/40)?
2, 3
Suppose x + 27 = 4*x. List the prime factors of x.
3
Let w be (1/(-3))/((-1)/75). Suppose -5*g = -m - 14 - 11, 5*g - w = 3*m. List the prime factors of g.
5
Suppose -s + 3 + 2 = 0. Suppose 0 = 3*n - 2*a - 2, -4*a - 2 = -s*n - a. Let f = 11 + n. What are the prime factors of f?
3
Let s(j) = j + 3. Let p be s(0). Let i(g) = 1 - 5 + p*g + 5*g + 1. What are the prime factors of i(2)?
13
Suppose c + 4*c = 3*z - 26, 5*c - 5*z = -30. What are the prime factors of c/8 + 126/4?
31
Let p be (-8)/36 + (-40)/(-18). Suppose -4*w - 3*g + 56 = -4*g, 8 = -p*g. What are the prime factors of w?
13
Let s(w) = -6*w + 30. What are the prime factors of s(-12)?
2, 3, 17
Let b(i) = 2*i + 2. Let x be b(-4). Let v = x + 3. Let o = 5 - v. List the prime factors of o.
2
Let w(l) = l**2. Let y be w(0). Suppose y = -0*j + j. What are the prime factors of j - -2 - (0 - 5)?
7
Let s be -2*(-2)/4 + 3. List the prime factors of 19/3 - s/12.
2, 3
Suppose -52 - 13 = -5*c. Let m = c + -11. What are the prime factors of 17 + -2*1/m?
2
Let a = -4 + 1. Let o be -3*5/a - 1. Suppose b + o*j = 4, 0 = 3*b + 3*j - 16 - 5. What are the prime factors of b?
2
Suppose 5*r - 2 = -d, -5 + 3 = -d + 4*r. Suppose b - 4*z = 4, -4*z - 4 = -b - 2*b. Let j = b + d. List the prime factors of j.
2
Let b(m) = 50*m**2 + 3*m + 3. List the prime factors of b(-1).
2, 5
Let z(d) be the third derivative of -d**4/24 - d**3/3 + d**2. Suppose 8 = -2*u - 4. List the prime factors of z(u).
2
Let r(q) = q - 8. Let a be r(10). Suppose -4*x - j - 26 = -196, -a*x + j + 82 = 0. List the prime factors of x.
2, 3, 7
Let u be -3*(3/3)/(-1). Suppose 0 = -2*m - u*m. Suppose m = 3*s - s - 26. What are the prime factors of s?
13
Let q(t) = t**3 - 4*t**2 + t + 6. Suppose 2*k = 7*k - 25. Let y be q(k). Let m = y + -26. What are the prime factors of m?
2, 5
List the prime factors of (65/4 - -3)*8.
2, 7, 11
Suppose 2*s - 22 = -4*h - 8, 0 = -3*h - 4*s + 3. Suppose 4 + h = 3*d. What are the prime factors of d?
3
Let o = 7 + -5. Let a be (-2)/o*12/(-4). Suppose -2*u + 8 + 1 = -3*y, -a*u - 2*y = -46. What are the prime factors of u?
2, 3
Let k = 151 + 49. List the prime factors of k.
2, 5
Let l(n) = 2*n**2 - n - 3. What are the prime factors of l(6)?
3, 7
Let t = 93 - 40. List the prime factors of t.
53
Suppose -8 = 4*f - 96. What are the prime factors of f?
2, 11
Let i = -144 - -214. What are the prime factors of i?
2, 5, 7
Let h be 1*-1 + (-6)/(-6). Suppose -5*q + k + 4*k + 30 = h, -5*q + 6 = 3*k. Let j(v) = v**2 - 2*v + 2. List the prime factors of j(q).
5
Let d(p) = 6*p - 4. What are the prime factors of d(6)?
2
What are the prime factors of (-1)/(-4) - (-15554)/56?
2, 139
Suppose 8 = 3*h + 2*r, 2*h + 2 = -r + 9. Suppose -o + 3*o = h. What are the prime factors of (4/10)/(o/15)?
2
Let t be 2/(-3) + 8/(-6). Let g be (1 + t)/(1 - 2). List the prime factors of g - -2 - (1 - 4).
2, 3
Let s = 54 + -36. List the prime factors of s.
2, 3
Suppose -4*a + a - 6 = 0. List the prime factors of 3/((-9)/(-24)) - a.
2, 5
What are the prime factors of (-1 - 2)*(-22 + 4)?
2, 3
Suppose 0 = 6*y - 5*y - 2. Suppose 5*x = 2*b - b + 17, -5*b = -y*x - 7. What are the prime factors of x?
2
Let z(n) = -4*n - 13. Let r be z(-7). Let h = r - 10. What are the prime factors of h?
5
Suppose 3*u = -b + 64, b - 5*u - 27 - 45 = 0. List the prime factors of b.
67
Let v(i) = 6*i + 1. Let g be v(1). Suppose 5*m = g + 13. What are the prime factors of m?
2
Let x(o) = -4*o + 6 + 5*o - 2*o - 4*o. Let d be x(4). Let q = d + 23. List the prime factors of q.
3
Suppose -4*l = 16, 9*k - 4*k - 304 = -4*l. List the prime factors of k.
2
Let x = 197 - 138. List the prime factors of x.
59
Let u(w) = -27*w - 2*w**2 + 15*w + 11*w + 21*w**3 + 2. What are the prime factors of u(1)?
2, 5
Let b(t) = 19*t**2 + t - 2. What are the prime factors of b(2)?
2, 19
Let i(o) = -o - 2. Let b be i(4). Let f = b + 10. Suppose -15 = 3*v, -f*v = -3*s - 2*s + 70. List the prime factors of s.
2, 5
Let f(g) = g**3 + g**2 + 39. List the prime factors of f(0).
3, 13
Suppose -4*o + 10 = 5*c, -2*c - o + 6 = c. Suppose 2*r - 56 = 2*b, -3 = c*b - b. What are the prime factors of r?
5
Let l be 1 - (1*-4)/1. Suppose 0*v - l*v + 16 = -2*m, -3*m - 5*v = -26. Suppose -4*q + 13 = -5*q - 4*h, -q - h = -m. List the prime factors of q.
7
Let g(l) = 2*l**3 + l**2 - 2*l - 1. Suppose 0 = 3*h + 2*h + 5. Let u be 0 - (h - (1 + 0)). List the prime factors of g(u).
3, 5
Let a(z) = z + 24. List the prime factors of a(-8).
2
Let h(o) = o**2 - 13*o + 4. Let n be h(8). Let r = 1 - n. List the prime factors of r.
37
Let a(g) = 6*g - 7. Let c be a(4). Suppose 0*f - f + c = 0. What are the prime factors of f?
17
Let q be 1/4 + (-51)/(-4). Let g = q - -6. What are the prime factors of g?
19
Let i(b) = 19*b + 5. List the prime factors of i(3).
2, 31
What are the prime factors of ((-6)/2)/((-6)/4)?
2
Let r(n) = n**2 - 4*n - 6. Let q be r(6). List the prime factors of (-2)/12 - (-151)/q.
5
Suppose -2*i + 14 - 2 = 0. Let b = i - 3. List the prime factors of b.
3
Suppose -5*i = -i - 64. Suppose 0 = -4*p - i. Let o(y) = -3*y. List the prime factors of o(p).
2, 3
Let a(h) = 9*h**2. Let x(s) = s**2 - 1. Let t(d) = -a(d) + 5*x(d). Let j be t(-4). What are the prime factors of 2/5 - j/15?
5
Let s be 4/14 + 2/(-7). Suppose 1 = -o - s. List the prime factors of 2*o + 0 + 4.
2
Let q = 78 + -38. What are the prime factors of q?
2, 5
Let u(h) be the fir